e units digit of d?
9
Let r = -41 + 257. What is the tens digit of r?
1
Suppose -23 + 218 = l + 2*r, -l - 5*r = -204. What is the units digit of l?
9
Let q(n) = n**3 + 6*n**2 - 2*n + 8. Let u be q(-13). What is the tens digit of ((-2)/(-7) - u/21) + 4?
5
Suppose 0 = -3*b + 6*b + 18. Let g(p) = -p**3 - 4*p**2 + 5*p - 6. What is the tens digit of g(b)?
3
Suppose -5*y - 15 + 20 = 0. What is the hundreds digit of 99/y - (-6)/6?
1
Let c = 572 - -15. What is the tens digit of c?
8
Let l = -564 - -814. Suppose 3*z = 8*z - l. Suppose 4*t = -t + v + 125, 0 = 2*t + 2*v - z. What is the units digit of t?
5
Let h be (-36)/(-15) + (-14)/35. Suppose -3*m + 2*s + 37 = -0*m, 2*m - h*s = 28. What is the units digit of m?
9
Let i = 27 + -46. Let p = i + 9. Let h(l) = -2*l - 14. What is the units digit of h(p)?
6
Let v(y) = -65*y - 109. What is the units digit of v(-12)?
1
Let f = -15 - -50. What is the units digit of 14/f + -2 + (-1356)/(-10)?
4
Suppose -4*o - 20 = -5*y - 3, -y - 5*o = -15. Let m be 117/y - 2/5. Suppose -r + 45 = 3*b, -2*r + 3*b + m = -31. What is the tens digit of r?
3
Suppose -4*b - 3 = -15. Suppose 0*j - 34 = -j + b*w, -2*j + 66 = -5*w. What is the units digit of j?
8
Let v = 0 + 4. What is the units digit of ((-16)/v)/(-4) - -9?
0
Let u(p) = -92*p**3 - 2*p**2 + 2*p. What is the hundreds digit of u(-2)?
7
Let f(h) = h**2 - 2*h - 11. Let m = 4 + -12. Let p be f(m). Let n = 99 - p. What is the units digit of n?
0
Let x(h) = h**3 - 5*h**2 + 12*h - 18. What is the hundreds digit of x(8)?
2
Let h = 16 - 16. Suppose 15 = 3*q - o, h = -3*o - 9. Suppose -1 + 21 = q*k. What is the units digit of k?
5
Let a = 872 - 840. What is the tens digit of a?
3
Suppose 5*g - 16*v = -12*v + 633, -2*g + 256 = -3*v. What is the hundreds digit of g?
1
Suppose 3*o = 3*y + 6498, -10*o = -12*o + 3*y + 4335. What is the units digit of o?
3
Suppose 47 + 59 = 5*x - 4*b, 0 = -5*x - 4*b + 74. Let r be x + (-1 + -4 - -2). Suppose 1 = -p + 5*s, -r = -4*p - 5*s + 6. What is the units digit of p?
4
Let m be 10/35 + (-10)/(-14). Let l(o) = -o**2 + 14*o**2 + 5*o**2 + 4*o**2. What is the tens digit of l(m)?
2
Suppose 0 = -8*l + 6684 - 1436. What is the tens digit of (l/(-28))/(4/(-14))?
8
Let r(j) = 12*j**2 - 4*j + 185. What is the tens digit of r(-21)?
6
Let x be (-3)/(((-3)/(-2))/1). Let t be (3/(-3) + -13)/x. Suppose -5 = -3*s + t. What is the units digit of s?
4
What is the units digit of (10/4 - 2)/(2/956)?
9
Suppose 28 = 2*x - 0*x. Suppose 0 = -20*r + x*r + 534. What is the units digit of r?
9
Let h = -6 - -6. Suppose j + 3*j = h. Suppose j = 40*m - 42*m + 38. What is the units digit of m?
9
Let r = -425 - -840. What is the units digit of r?
5
Let q(k) = k**2 - 10*k - 16. Let j be q(10). Let y(v) = -6*v + 2. What is the units digit of y(j)?
8
Let z be -5*((-12)/5)/3. Let b be 80 + 1 + (-738)/82. Let c = z + b. What is the tens digit of c?
7
Let t(p) = -27*p - 75. What is the hundreds digit of t(-19)?
4
Let y be 1*-2*(7098/12)/(-13). Suppose -v + h + y = -h, 0 = -3*v - 4*h + 223. What is the tens digit of v?
8
Suppose h = -84 + 246. Let n(w) = -155 - w + 2*w + h. What is the units digit of n(-5)?
2
Suppose 5*p + 13 = 7188. What is the thousands digit of p?
1
Let p = 78 - 73. Suppose -4*g - 551 = -p*q, 0 = -2*q + 4*q + 5*g - 194. What is the hundreds digit of q?
1
Suppose -5*a - p + 14 = -8, -9 = 3*p. Suppose 0 = 5*y - 4*x - 256, a*y + 5*x - 57 = 163. What is the tens digit of y?
4
Let y(t) = 7*t**2 - 5*t - 1. Let x(n) = -n + 4. Let q be x(1). What is the units digit of y(q)?
7
Let h(f) = f**3 + 22*f**2 + 5*f + 3. What is the tens digit of h(-11)?
7
What is the units digit of (1 - 0)/(99/124938)?
2
Suppose -p - 4*g + 4 = -0*p, 5*g - 11 = -2*p. Suppose -p*l + 4*l + 68 = 0. What is the units digit of l?
7
Let y(p) = -10*p + 993. What is the units digit of y(0)?
3
Suppose -2*q + 78 = -5*o - 679, -1479 = -4*q + 3*o. What is the tens digit of q?
6
Let i(l) = -2*l**2 + 3*l + 7. Let n be i(-5). Let c = 33 + n. Let s = -7 - c. What is the tens digit of s?
1
Suppose 9*z - 4*z - 230 = 0. Suppose -5*r = q - z, -6*r + r = 3*q - 148. Suppose 5*c = 2 - 17, -q = -2*m - 3*c. What is the units digit of m?
0
Let q(m) = -5*m + 8. Let n be q(-4). Let a = -15 + n. Suppose 0 + a = o. What is the tens digit of o?
1
Let w be (12/(-9))/2 + 55/15. Suppose -l + 97 = 2*r, w*l - 61 = -2*r + 26. What is the units digit of r?
1
Let z = -20 + 24. Suppose 0 = 2*i - z*i + 26. What is the units digit of i?
3
What is the units digit of 3/33 - 53232/(-88)?
5
Let r be 2/(-2) - (-1)/(-2)*-110. Suppose -4*b + 4*g = g - r, -g = -5*b + 73. What is the units digit of b?
5
Let a be 120/(-66) + 2/(-11). Let k be a + (24/3 - 2). Suppose -5*v + 0*b + 5*b + 40 = 0, k*b = -2*v + 46. What is the units digit of v?
3
Suppose 5*p - p - 2189 = -5*m, -5*p - 869 = -2*m. Let l = m - 187. What is the units digit of l?
0
Suppose -136 = -5*y + 2*v, -5*v + 14 = 3*y - 49. Suppose y = -5*j - 24. Let a = 14 + j. What is the units digit of a?
4
Let i = 72 - 68. Suppose 730 = z + i*z. What is the tens digit of z?
4
What is the tens digit of 86101/203 + 12/14?
2
Let i(h) = -4*h**3 - 3*h**2 + 9*h + 28. What is the tens digit of i(-8)?
1
Let p = 4 - -70. Suppose -5*k = -7*k + p. What is the units digit of k?
7
Let a = 55 - 51. Suppose 3*v + k - 189 = 0, -a*v + 2*v - 5*k + 113 = 0. What is the units digit of v?
4
Suppose 0 = t + 5*m - 1926, 4*t + 112*m - 7792 = 114*m. What is the tens digit of t?
4
Let f = -3872 + 7205. What is the thousands digit of f?
3
Let h = -8 - -11. Suppose 0 = 2*z + 8, 2*z = -3*c - h*z + 43. Let v = 42 + c. What is the tens digit of v?
6
Let u = 210 - 139. What is the tens digit of u?
7
Let b = -264 + 435. What is the hundreds digit of b?
1
Let y be (3/9 + 1)*(-18)/(-4). Let t(d) = 2*d**2 - 5*d - 4. What is the units digit of t(y)?
8
Let q(b) = 3*b**2 + 7*b - 5. Let a be q(-7). Let f = -46 + a. What is the units digit of f?
7
Suppose 58*t = 59*t - 1028. What is the tens digit of t?
2
Let c = 475 - -1062. Suppose -c = -10*j - 327. What is the hundreds digit of j?
1
Let n be 6/12 + (-3)/(-2) - 0. Suppose 241 + 394 = 3*c + 4*j, j = -n*c + 415. What is the tens digit of c?
0
Suppose -7*h = -8*h + 5. Suppose -p = -3*d + 11, h*p + 2*d - 6*d + 11 = 0. What is the units digit of (2 - -9)/(p/4)?
4
Suppose -3*j = -156 - 126. Suppose 13*v - 11*v - j = 0. What is the units digit of v?
7
Let o(q) = -5*q - 781 + 0*q + 789. What is the units digit of o(-16)?
8
Suppose -2 = 2*f, -3*u - 4*f - 2 + 10 = 0. Suppose -55 + u = -a. What is the units digit of a?
1
Let j = 683 - -1402. What is the thousands digit of j?
2
Let j(h) = -5*h**3 + h**2 + 11*h - 12. Let u(p) = -p**3 + p**2 - p. Let g(z) = j(z) - 6*u(z). What is the hundreds digit of g(6)?
1
Let v(l) = -l - 8. Let x be v(-10). Suppose -3*n = x*a - 43, 11 = n - 3*a + 2*a. What is the units digit of n?
3
Suppose -5*a + 10 = 0, -9*a + 1288 = 3*d - 7*a. What is the units digit of d?
8
Let u(k) = 5*k**3 - 5*k**2 + 5*k - 7. Let l be u(3). Suppose -3*r + 6*z = 2*z - 186, 0 = -3*r - 2*z + 204. Let d = l - r. What is the units digit of d?
2
Suppose 0 = -8*z - 10 + 50. Suppose -39 = -3*j - z*x + 91, 4*j - 177 = -3*x. What is the units digit of j?
5
Let k(b) = 3*b + 39. Let t(f) = f**2 - 3*f + 5. Let c be t(0). What is the units digit of k(c)?
4
Suppose 0 = 4*f + 2*b - 472, 3*b - 351 = f - 4*f. What is the units digit of 51/f - 134/(-14)?
0
Suppose -7 + 3 = -t. Suppose -4*u - c - 15 = t*c, 3*c = 5*u - 9. Suppose -3*b + u*b + 5*d = -47, 0 = 3*d + 12. What is the units digit of b?
9
Let l = 3422 - 2028. What is the units digit of l?
4
What is the hundreds digit of (3/(-30 - -21))/((-1)/5781)?
9
Suppose 6*g - 15 = g. Suppose -4*t - 2*y = 28, 0 = t + t - g*y + 6. What is the units digit of (-100)/t + 12/(-18)?
6
Suppose h = o + 488, -296*o = -4*h - 293*o + 1948. What is the tens digit of h?
8
Let o = 69 + -66. Suppose -4*g - 28 = -x - 2*g, -98 = -o*x - g. What is the tens digit of x?
3
What is the tens digit of 446 + 44/(-55) + (-88)/(-10)?
5
Let r be 8 - (-2)/(-3)*6. Suppose 460 = 3*w + r*b, 0 = b + 3*b - 4. What is the hundreds digit of w?
1
Let q(g) = -g - 17. Let n be q(-19). Suppose -16 = 4*t, p = n*p + 3*t - 51. What is the tens digit of p?
6
Let v = -513 + 1080. Suppose v = 5*q - 4*y + 3*y